when 467 is divided by 43.
37
Calculate the remainder when 2376 is divided by 15.
6
What is the remainder when 1002 is divided by 207?
174
Calculate the remainder when 99 is divided by 26.
21
Calculate the remainder when 4894 is divided by 34.
32
What is the remainder when 78 is divided by 26?
0
Calculate the remainder when 95 is divided by 43.
9
Calculate the remainder when 50895 is divided by 11.
9
What is the remainder when 1233 is divided by 103?
100
Calculate the remainder when 1699 is divided by 564.
7
Calculate the remainder when 44 is divided by 16.
12
What is the remainder when 112 is divided by 57?
55
Calculate the remainder when 1404 is divided by 395.
219
What is the remainder when 215 is divided by 9?
8
Calculate the remainder when 2535 is divided by 159.
150
Calculate the remainder when 47 is divided by 10.
7
Calculate the remainder when 20 is divided by 9.
2
Calculate the remainder when 1099 is divided by 38.
35
Calculate the remainder when 460 is divided by 115.
0
Calculate the remainder when 63 is divided by 6.
3
What is the remainder when 189 is divided by 21?
0
Calculate the remainder when 366 is divided by 103.
57
What is the remainder when 567 is divided by 57?
54
What is the remainder when 475 is divided by 96?
91
Calculate the remainder when 158 is divided by 77.
4
What is the remainder when 11170 is divided by 147?
145
Calculate the remainder when 146 is divided by 12.
2
Calculate the remainder when 742 is divided by 240.
22
Calculate the remainder when 2332 is divided by 167.
161
Calculate the remainder when 175 is divided by 65.
45
What is the remainder when 716 is divided by 15?
11
Calculate the remainder when 14 is divided by 12.
2
What is the remainder when 116 is divided by 18?
8
What is the remainder when 4563 is divided by 163?
162
What is the remainder when 876 is divided by 7?
1
What is the remainder when 110 is divided by 19?
15
What is the remainder when 1218 is divided by 54?
30
Calculate the remainder when 200 is divided by 29.
26
Calculate the remainder when 1280 is divided by 108.
92
Calculate the remainder when 4332 is divided by 24.
12
Calculate the remainder when 5124 is divided by 95.
89
Calculate the remainder when 270 is divided by 7.
4
What is the remainder when 98 is divided by 35?
28
What is the remainder when 120 is divided by 10?
0
Calculate the remainder when 7159 is divided by 11.
9
Calculate the remainder when 204 is divided by 33.
6
Calculate the remainder when 798 is divided by 199.
2
What is the remainder when 68 is divided by 59?
9
Calculate the remainder when 317 is divided by 175.
142
Calculate the remainder when 358 is divided by 83.
26
What is the remainder when 249 is divided by 109?
31
Calculate the remainder when 3476 is divided by 43.
36
What is the remainder when 1119 is divided by 221?
14
Calculate the remainder when 2106 is divided by 43.
42
What is the remainder when 66 is divided by 23?
20
What is the remainder when 3514 is divided by 5?
4
Calculate the remainder when 435 is divided by 44.
39
Calculate the remainder when 700 is divided by 251.
198
Calculate the remainder when 156 is divided by 144.
12
Calculate the remainder when 2032 is divided by 113.
111
What is the remainder when 6321 is divided by 51?
48
What is the remainder when 4827 is divided by 179?
173
What is the remainder when 2597 is divided by 39?
23
What is the remainder when 1202 is divided by 86?
84
Calculate the remainder when 172 is divided by 38.
20
What is the remainder when 880 is divided by 147?
145
Calculate the remainder when 48 is divided by 28.
20
What is the remainder when 15179 is divided by 490?
479
Calculate the remainder when 84 is divided by 43.
41
What is the remainder when 212 is divided by 170?
42
What is the remainder when 47 is divided by 4?
3
Calculate the remainder when 122 is divided by 104.
18
What is the remainder when 5048 is divided by 11?
10
Calculate the remainder when 469 is divided by 132.
73
What is the remainder when 603 is divided by 117?
18
Calculate the remainder when 178 is divided by 5.
3
What is the remainder when 1263 is divided by 20?
3
What is the remainder when 217 is divided by 41?
12
What is the remainder when 3430 is divided by 72?
46
What is the remainder when 52 is divided by 22?
8
Calculate the remainder when 4296 is divided by 86.
82
What is the remainder when 201 is divided by 95?
11
Calculate the remainder when 27434 is divided by 15.
14
Calculate the remainder when 4552 is divided by 72.
16
Calculate the remainder when 232 is divided by 57.
4
What is the remainder when 190 is divided by 13?
8
Calculate the remainder when 231 is divided by 17.
10
What is the remainder when 2028 is divided by 58?
56
What is the remainder when 800 is divided by 116?
104
Calculate the remainder when 453 is divided by 124.
81
What is the remainder when 8004 is divided by 22?
18
What is the remainder when 11438 is divided by 110?
108
Calculate the remainder when 2559 is divided by 214.
205
Calculate the remainder when 308 is divided by 24.
20
What is the remainder when 926 is divided by 250?
176
Calculate the remainder when 1588 is divided by 49.
20
What is the remainder when 518 is divided by 39?
11
What is the remainder when 207 is divided by 71?
65
What is the remainder when 129 is divided by 11?
8
Calculate the remainder when 653 is divided by 66.
59
What is the remainder when 152 is divided by 42?
26
What is the remainder when 1038 is divided by 104?
102
What is the remainder when 8873 is divided by 2953?
14
What is the remainder when 16225 is divided by 14?
13
Calculate the remainder when 71 is divided by 13.
6
Calculate the remainder when 2341 is divided by 5.
1
Calculate the remainder when 207 is divided by 35.
32
What is the remainder when 110 is divided by 57?
53
What is the remainder when 15928 is divided by 514?
508
What is the remainder when 464 is divided by 3?
2
What is the remainder when 227 is divided by 72?
11
What is the remainder when 66 is divided by 17?
15
What is the remainder when 129 is divided by 49?
31
What is the remainder when 43 is divided by 22?
21
Calculate the remainder when 529 is divided by 7.
4
Calculate the remainder when 139 is divided by 47.
45
Calculate the remainder when 7573 is divided by 133.
125
Calculate the remainder when 3467 is divided by 65.
22
Calculate the remainder when 339 is divided by 17.
16
What is the remainder when 676 is divided by 20?
16
Calculate the remainder when 9612 is divided by 38.
36
Calculate the remainder when 2722 is divided by 1361.
0
Calculate the remainder when 203 is divided by 22.
5
What is the remainder when 1834 is divided by 56?
42
Calculate the remainder when 2251 is divided by 7.
4
Calculate the remainder when 1027 is divided by 49.
47
What is the remainder when 2688 is divided by 90?
78
Calculate the remainder when 115 is divided by 18.
7
Calculate the remainder when 933 is divided by 187.
185
What is the remainder when 53 is divided by 29?
24
What is the remainder when 150 is divided by 31?
26
What is the remainder when 2690 is divided by 37?
26
What is the remainder when 195 is divided by 32?
3
Calculate the remainder when 216 is divided by 176.
40
What is the remainder when 825 is divided by 23?
20
What is the remainder when 109 is divided by 22?
21
What is the remainder when 36 is divided by 13?
10
What is the remainder when 687 is divided by 8?
7
Calculate the remainder when 92 is divided by 49.
43
What is the remainder when 405 is divided by 26?
15
What is the remainder when 109 is divided by 37?
35
Calculate the remainder when 107 is divided by 24.
11
What is the remainder when 288 is divided by 73?
69
What is the remainder when 5543 is divided by 11?
10
Calculate the remainder when 245 is divided by 18.
11
Calculate the remainder when 4159 is divided by 130.
129
Calculate the remainder when 51 is divided by 15.
6
What is the remainder when 3208 is divided by 248?
232
Calculate the remainder when 1287 is divided by 129.
126
Calculate the remainder when 33 is divided by 9.
6
What is the remainder when 28 is divided by 15?
13
Calculate the remainder when 1446 is divided by 389.
279
What is the remainder when 323 is divided by 79?
7
Calculate the remainder when 86 is divided by 29.
28
W